 k(s) = 8*s**2 - 354*s - 13777. Determine k(69).
-115
Let u(w) = -15*w**3 + 226*w**2 + 35*w - 45. Determine u(15).
705
Let a(h) = -10*h**2 + 208*h - 165. Calculate a(-12).
-4101
Let o(q) = 1570*q + 108330. Determine o(-69).
0
Let u(s) = -5628*s - 62015. What is u(-11)?
-107
Let y(n) = 252*n - 71602. Calculate y(284).
-34
Let v(j) = 900*j + 117053. Calculate v(-130).
53
Let a(f) = 176*f**2 + 203*f - 1. What is a(0)?
-1
Let k(c) = -3*c**3 + 4*c**2 + 740*c - 2238. Determine k(3).
-63
Let i(y) = -y**3 - 90*y**2 - 1497*y + 660. Determine i(-68).
728
Let c(p) = p**2 + 12025*p - 60132. What is c(5)?
18
Let p(i) = -i**3 - 198*i**2 + 221*i + 5006. Determine p(-199).
628
Let j(s) = 136*s + 2042. Calculate j(-9).
818
Let u(x) = -2*x**2 + 1664*x - 43489. Determine u(27).
-19
Let j(r) = -5*r**3 - 182*r**2 - 79*r - 157. What is j(-36)?
95
Let y(s) = 65*s**3 + 520*s**2 - 47*s - 387. Determine y(-8).
-11
Let c(z) = z**2 + 22317*z - 849486. Give c(38).
4
Let b(t) = -2*t**3 - 17*t**2 - 302*t - 3536. Calculate b(-11).
391
Let p(i) = i**2 + 47*i - 3126. Give p(40).
354
Let k(r) = -61*r - 84. Give k(0).
-84
Let b(q) = 364*q - 3290. Give b(9).
-14
Let t(i) = -i**2 - 103*i + 4590. Determine t(-136).
102
Let g(z) = 2*z**3 + 584*z**2 + 42021*z - 5377. Determine g(-163).
2
Let i(a) = 24*a**2 + 12591*a - 17267. Calculate i(-526).
91
Let w(d) = 291*d + 9596. Calculate w(-33).
-7
Let r(o) = -68029*o + 338452. Give r(5).
-1693
Let d(c) = c**2 - 203*c + 3364. Determine d(184).
-132
Let r(d) = -2*d**3 + 97*d**2 + 799*d + 105. What is r(56)?
-2191
Let d(j) = j**3 + 74*j**2 + 1190*j + 389. What is d(-23)?
-2
Let o(r) = -812*r - 832. Calculate o(-2).
792
Let u(d) = -31*d**3 + 6*d**2 + 42*d - 144. Calculate u(3).
-801
Let u(i) = -2*i**3 - 79*i**2 + 3309*i - 137. Calculate u(-65).
253
Let q(g) = g**3 - 21*g**2 + 1203*g - 25343. What is q(21)?
-80
Let q(h) = 7*h**2 + 26480*h - 79512. Give q(3).
-9
Let i(m) = -m**3 + 33*m**2 - 276*m + 41. What is i(14)?
-99
Let f(c) = 43881*c + 658218. Give f(-15).
3
Let x(r) = 540*r**2 - 2033*r + 1914. Determine x(2).
8
Let n(r) = -r**3 + 64*r**2 + 755*r - 1112. Calculate n(74).
-2
Let s(n) = -2642*n**2 + 1075295*n - 362. Determine s(407).
45
Let p(q) = q**3 + 92*q**2 + 91*q + 212. Calculate p(-91).
212
Let t(a) = -a**3 + 47*a**2 - 5498*a + 80037. Calculate t(16).
5
Let p(d) = 3*d**3 + 180*d**2 - 17*d - 1036. Calculate p(-60).
-16
Let d(v) = v**3 - 30*v**2 - 98*v - 262. Determine d(33).
-229
Let r(u) = -2*u**3 - 948*u**2 - 270*u - 127989. Determine r(-474).
-9
Let j(k) = 1605*k + 126883. Calculate j(-79).
88
Let f(d) = 9*d**3 + 774*d**2 - 769*d + 130. Determine f(-87).
-1088
Let d(j) = j**2 + 74979*j - 1049861. Calculate d(14).
41
Let g(d) = d**3 + 60*d**2 + 452*d + 35737. Calculate g(-62).
25
Let d(u) = -u**3 - 33*u**2 - 115*u + 2610. Determine d(-28).
1910
Let q(p) = -141*p - 14695. Determine q(-88).
-2287
Let s(z) = 178*z**2 - 127*z - 471. Determine s(-4).
2885
Let a(q) = -6*q**3 - 18*q**2 - 38*q - 135. Calculate a(-5).
355
Let t(w) = 11758*w + 128883. Give t(-11).
-455
Let c(j) = 13654*j - 13465. What is c(1)?
189
Let w(u) = -u**3 - 192909*u**2 - 1350313*u + 15. Calculate w(-7).
8
Let b(j) = 11231*j + 213384. Give b(-19).
-5
Let a(t) = -8275*t - 140683. What is a(-17)?
-8
Let j(b) = -2235*b**2 + 11206*b - 28. What is j(5)?
127
Let v(x) = -2*x**3 + 107*x**2 + 3808*x + 1034. Give v(78).
-58
Let t(r) = 2232*r - 37948. What is t(17)?
-4
Let m(q) = -2*q**3 + 218*q**2 - 214*q - 208. Give m(108).
8
Let d(f) = f**3 + 189*f**2 + 1462*f + 2544. Determine d(-181).
10
Let r(z) = z**3 + 92*z**2 + 187*z + 7. Determine r(-2).
-7
Let x(i) = -4*i**2 - 104*i + 6945. What is x(-59)?
-843
Let a(h) = -2*h**3 - 381*h**2 - 366*h - 33445. What is a(-190)?
-5
Let j(v) = -4*v**3 - 205*v**2 + 114*v + 7833. Calculate j(-51).
-582
Let a(o) = -140*o - 6740. Give a(-44).
-580
Let n(v) = 63794*v - 1020687. Calculate n(16).
17
Let s(d) = -d**2 - 1971760*d + 25633048. Give s(13).
-1
Let b(v) = 2*v**3 + 2*v**2 - 556*v + 2058. What is b(4)?
-6
Let h(v) = -2014*v**2 - 24172*v - 50. Determine h(-12).
-2
Let o(r) = -16107*r + 48280. What is o(3)?
-41
Let x(t) = 18*t**2 + 422*t - 1190. Determine x(-26).
6
Let l(g) = -291*g + 2300. What is l(8)?
-28
Let h(r) = -3*r**2 + 45*r + 1372. Give h(18).
1210
Let t(k) = -64*k**3 + 4*k**2 + 179*k + 176. Calculate t(-1).
65
Let x(l) = -2*l**3 + 13*l**2 - 675*l + 5576. What is x(8)?
-16
Let n(d) = -132*d**2 - 3077*d + 59. Determine n(-24).
-2125
Let z(x) = 3*x**3 - 442*x**2 + 597*x - 1808. Give z(146).
90
Let v(u) = -2*u**2 + 262*u - 1275. Give v(124).
461
Let i(m) = m**2 - 198*m + 3982. Calculate i(75).
-5243
Let v(p) = -p**2 - 291379*p - 1165501. Give v(-4).
-1
Let v(b) = 47963*b + 383715. What is v(-8)?
11
Let t(a) = -3*a**3 + 23*a**2 + 478*a - 3769. What is t(8)?
-9
Let t(y) = -34273*y - 102444. What is t(-3)?
375
Let s(h) = 2*h**3 - 99*h**2 + 313*h + 565. What is s(46)?
151
Let z(i) = 76*i**2 + 179*i + 25. Give z(-2).
-29
Let a(g) = g**3 - 3*g**2 + 197*g - 27. What is a(0)?
-27
Let q(u) = -u**2 + 79*u - 4764. Give q(58).
-3546
Let i(r) = -2*r**2 - 347*r + 708. Give i(2).
6
Let u(x) = -3193*x + 70123. Determine u(22).
-123
Let u(o) = 6081*o + 1283059. What is u(-211)?
-32
Let f(p) = 10043*p + 40070. Calculate f(-4).
-102
Let s(w) = -7*w**2 - 139*w + 18. Give s(-19).
132
Let p(m) = m**3 + 30*m**2 + 76*m - 116. Give p(-27).
19
Let f(d) = 3*d**3 - 169*d**2 - 3387*d + 230. What is f(72)?
14
Let m(a) = -a**3 + 115*a**2 + 4373*a - 527401. What is m(112)?
7
Let x(f) = -32*f**2 - 321*f - 16. Determine x(7).
-3831
Let g(j) = 1233*j - 535161. What is g(434)?
-39
Let z(h) = 379*h - 47012. Give z(124).
-16
Let u(w) = -215*w**2 + 120654*w - 21879. Determine u(561).
0
Let s(o) = 138*o - 17524. Determine s(125).
-274
Let g(l) = 6352*l + 38117. Determine g(-6).
5
Let n(c) = 198*c**2 + 196*c - 29. What is n(-1)?
-27
Let j(p) = 180*p + 5588. Calculate j(-31).
8
Let q(f) = -2834*f - 311855. Determine q(-110).
-115
Let u(i) = -i**3 - 49*i**2 - 528*i - 51. Give u(-14).
481
Let w(b) = -464*b**2 - 2438*b + 2437. Determine w(1).
-465
Let o(v) = -v**3 + 230*v**2 - 2199*v - 12. What is o(10)?
-2
Let w(d) = 2922*d - 140238. Determine w(48).
18
Let p(h) = -2536*h + 50685. Determine p(20).
-35
Let k(o) = o**3 + 93*o**2 + 550*o + 18. Calculate k(-6).
-150
Let t(x) = 2*x**2 - 66*x - 38540. Give t(155).
-720
Let d(v) = -2*v**3 + 8*v**2 + 127*v + 13. What is d(-6)?
-29
Let j(h) = -54*h**2 - 487*h + 1. Determine j(-9).
10
Let t(w) = 10619*w + 254610. Determine t(-24).
-246
Let w(t) = 4291*t - 42932. Calculate w(10).
-22
Let m(h) = -619*h**2 + 1771*h + 238. What is m(3)?
-20
Let a(c) = 1206*c + 10561. Give a(-10).
-1499
Let f(c) = -3879*c - 236888. Calculate f(-61).
-269
Let a(f) = 39*f**2 - 290*f + 1432. Determine a(5).
957
Let n(z) = -z**3 - 4913*z**2 + 49265*z - 352. Give n(10).
-2
Let n(u) = -u**3 - 9*u**2 + 141*u + 1361. What is n(-10)?
51
Let h(d) = -328*d + 60331. What is h(184)?
-21
Let z(s) = s**3 + 248*s**2 + 1286*s - 40205. Determine z(-242).
-33
Let x(o) = 424*o - 5118. Determine x(12).
-30
Let g(v) = -3*v**2 + 2028*v + 16361. What is g(-8)?
-55
Let k(u) = 1499*u**2 - 3790*u - 1. Calculate k(3).
2120
Let z(f) = 289695*f + 2896942. Give z(-10).
-8
Let f(b) = 41*b**2 + 3020*b + 3020. Give f(-1).
41
Let v(z) = -z**3 - z**2 + 234*z + 33. Determine v(-19).
2085
Let a(y) = -y**3 - 275*y**2 + 4100*y - 755. Calculate a(14).
1
Let h(l) = -6324*l + 1973092. What is h(312)?
4
Let u(x) = 2*x**2 + 101*x - 170708. Determine u(268).
8
Let s(d) = 17280*d - 2125400. Give s(123).
40
Let c(p) = 139096*p + 5146554. Calculate c(-37).
2
Let f(y) = y**2 - 85*y - 4131. Calculate f(120).
69
Let u(f) = 5*f**2 + 17*f + 350. What is u(-12)?
866
Let o(z) = 16448*z - 82271. What is o(5)?
-31
Let m(d) = -25*d**2 - 112*d - 26. What is m(-5)?
-91
Let s(z) = 42825*z - 299786. Determine s(7).
-11
Let j(f) = 20370*f - 40307. Determine j(2).
433
Let h(o) = 4*o**3 + 211*o**2 - 58*o + 33. Determine h(-53).
298
Let f(n) = -10*n**2 - 657*n + 7440. Determine f(11).
-997
Let b(z) = 2*z**2 - 735*z + 9226. Determine b(13).
9
Let q(x) = -4*x**2 - 458*x + 5226. Calculate q(-125).
-24
Let h(z) = -2789*z + 15421. Calculate h(6).
-1313
Let m(c) = -210*c**2 + 3766*c + 14. Calculate m(18).
-238
Let f(h) = -1872